he prime factors of 661309498?
2, 330654749
List the prime factors of 343752868.
2, 97, 885961
List the prime factors of 904914367.
7, 2953, 43777
What are the prime factors of 668268910?
2, 5, 23, 139, 20903
What are the prime factors of 305795789?
13, 131, 179563
List the prime factors of 5138970.
2, 3, 5, 171299
List the prime factors of 2670011.
2670011
List the prime factors of 2425093548.
2, 3, 202091129
List the prime factors of 27089934.
2, 3, 19, 237631
List the prime factors of 3830725027.
3830725027
What are the prime factors of 479656191?
3, 7, 23, 71, 197
What are the prime factors of 829640470?
2, 5, 82964047
What are the prime factors of 4040959655?
5, 47, 17195573
What are the prime factors of 188513019?
3, 20945891
What are the prime factors of 4445660457?
3, 7, 79, 33083
List the prime factors of 2282378729.
3259, 700331
What are the prime factors of 1929829?
11, 41, 389
What are the prime factors of 3203497318?
2, 7, 19, 131, 149, 617
List the prime factors of 2030893405.
5, 433, 938057
What are the prime factors of 47789766?
2, 3, 97, 101, 271
List the prime factors of 247710024.
2, 3, 73, 47129
List the prime factors of 425205966.
2, 3, 79, 897059
What are the prime factors of 306022278?
2, 3, 41, 73, 17041
What are the prime factors of 447879156?
2, 3, 281, 317, 419
What are the prime factors of 72721274?
2, 17, 2138861
List the prime factors of 92845161.
3, 10316129
List the prime factors of 79336005.
3, 5, 7, 101, 7481
What are the prime factors of 1130203529?
7, 13, 43, 288833
What are the prime factors of 432720560?
2, 5, 41, 131927
List the prime factors of 124038864.
2, 3, 61, 523
What are the prime factors of 173373219?
3, 3037, 6343
What are the prime factors of 55276?
2, 13, 1063
What are the prime factors of 430293772?
2, 107573443
What are the prime factors of 138979784?
2, 43, 404011
List the prime factors of 26917026.
2, 3, 4486171
List the prime factors of 1835893601.
19, 3169, 30491
What are the prime factors of 108995445?
3, 5, 13, 186317
What are the prime factors of 83737108?
2, 7, 13, 230047
What are the prime factors of 469592651?
11, 47, 71, 1163
List the prime factors of 290092368.
2, 3, 71, 85121
What are the prime factors of 41278166?
2, 229, 90127
List the prime factors of 33962269.
11, 3087479
What are the prime factors of 1919045667?
3, 7, 11, 43, 4493
List the prime factors of 4306400679.
3, 7, 17, 43, 53, 67, 79
What are the prime factors of 2272573883?
5039, 450997
What are the prime factors of 383802019?
1321, 290539
List the prime factors of 12391433.
139, 239, 373
List the prime factors of 183738759.
3, 19, 853, 3779
List the prime factors of 278674783.
278674783
List the prime factors of 530110.
2, 5, 7, 7573
What are the prime factors of 23934480?
2, 3, 5, 31, 3217
List the prime factors of 433456244.
2, 13, 59, 141283
What are the prime factors of 1285336247?
13, 439, 225221
What are the prime factors of 450289624?
2, 317, 353, 503
List the prime factors of 630539573.
43, 691, 21221
List the prime factors of 552607967.
17, 61, 727, 733
What are the prime factors of 991418?
2, 47, 53, 199
What are the prime factors of 12761817?
3, 53, 80263
What are the prime factors of 24310870?
2, 5, 311, 7817
What are the prime factors of 1584824?
2, 397, 499
What are the prime factors of 220280853?
3, 13, 434479
List the prime factors of 1207927069.
3467, 348407
What are the prime factors of 125384110?
2, 5, 29, 432359
List the prime factors of 41364697.
11, 103, 3319
What are the prime factors of 26339674?
2, 13169837
List the prime factors of 6057584176.
2, 7, 4729, 11437
What are the prime factors of 103644680?
2, 5, 53, 48889
What are the prime factors of 305457789?
3, 7, 13, 1118893
List the prime factors of 3781502844.
2, 3, 7, 89, 505819
List the prime factors of 58759149.
3, 19586383
List the prime factors of 137944209.
3, 13, 3537031
List the prime factors of 4044033888.
2, 3, 557, 75629
List the prime factors of 3670470236.
2, 19, 48295661
List the prime factors of 35482842.
2, 3, 17, 19, 359
List the prime factors of 1991098775.
5, 883, 90197
List the prime factors of 327494754.
2, 3, 19, 957587
List the prime factors of 13321312.
2, 416291
List the prime factors of 20419028.
2, 7, 137, 5323
List the prime factors of 16043746.
2, 8021873
What are the prime factors of 2139989342?
2, 17, 19, 41, 43, 1879
List the prime factors of 138228128.
2, 47, 73, 1259
What are the prime factors of 275370192?
2, 3, 19, 53, 211
List the prime factors of 2125671310.
2, 5, 7, 251, 337, 359
List the prime factors of 1663712750.
2, 5, 7, 950693
What are the prime factors of 48283602?
2, 3, 8047267
What are the prime factors of 497683295?
5, 99536659
What are the prime factors of 752582593?
7, 41, 191, 13729
What are the prime factors of 207674480?
2, 5, 13, 199687
List the prime factors of 1008537996.
2, 3, 43, 1954531
List the prime factors of 140053317.
3, 46684439
List the prime factors of 411008118.
2, 3, 61, 797, 1409
What are the prime factors of 865830023?
2441, 354703
What are the prime factors of 59308656?
2, 3, 11, 112327
List the prime factors of 312983526.
2, 3, 52163921
List the prime factors of 245517966.
2, 3, 505181
List the prime factors of 15577422.
2, 3, 7, 370891
List the prime factors of 51503063.
859, 59957
List the prime factors of 229124947.
227, 1009361
List the prime factors of 178305932.
2, 7, 6368069
What are the prime factors of 167800021?
83, 409, 4943
List the prime factors of 397647203.
107, 1553, 2393
List the prime factors of 1522618830.
2, 3, 5, 2339, 2411
List the prime factors of 80367509.
47, 911, 1877
List the prime factors of 152060705.
5, 19, 23, 69593
List the prime factors of 170065752.
2, 3, 31, 179, 1277
What are the prime factors of 1212493295?
5, 13, 17, 271, 4049
List the prime factors of 557624360.
2, 5, 3373, 4133
List the prime factors of 100007895.
3, 5, 13, 43, 11927
List the prime factors of 3871154.
2, 7, 113, 2447
What are the prime factors of 1185771759?
3, 395257253
What are the prime factors of 609912273?
3, 203304091
List the prime factors of 135067861.
5683, 23767
List the prime factors of 716462397.
3, 7, 23, 383, 1291
What are the prime factors of 11772490?
2, 5, 149, 7901
List the prime factors of 105451659.
3, 421, 9277
List the prime factors of 1294704500.
2, 5, 23, 112583
List the prime factors of 301261592.
2, 37657699
What are the prime factors of 310220009?
11, 28201819
List the prime factors of 1113626397.
3, 13, 23, 353, 3517
List the prime factors of 70114852.
2, 37, 227, 2087
List the prime factors of 128711314.
2, 193, 333449
List the prime factors of 60454001.
43, 73, 19259
List the prime factors of 13035941.
131, 191, 521
List the prime factors of 500930793.
3, 11, 67, 75521
What are the prime factors of 716989570?
2, 5, 11, 277, 23531
What are the prime factors of 50974059?
3, 433, 39241
List the prime factors of 4350481685.
5, 11, 79099667
List the prime factors of 6754167.
3, 7, 107209
What are the prime factors of 1102943079?
3, 7, 31, 67, 8429
List the prime factors of 82056298.
2, 43, 269, 3547
List the prime factors of 138117503.
17, 223, 36433
What are the prime factors of 171401428?
2, 11, 23, 169369
List the prime factors of 19057244.
2, 4764311
What are the prime factors of 692889717?
3, 13, 17766403
What are the prime factors of 269418827?
691, 389897
What are the prime factors of 2720182?
2, 157, 8663
What are the prime factors of 156245896?
2, 19530737
What are the prime factors of 4170593777?
7, 23687, 25153
List the prime factors of 515326257.
3, 229, 250037
List the prime factors of 7171195912.
2, 896399489
List the prime factors of 2289469723.
2289469723
What are the prime factors of 337490763?
3, 112496921
List the prime factors of 55222060.
2, 5, 1373, 2011
List the prime factors of 303977823.
3, 61, 103, 16127
What are the prime factors of 124896314?
2, 17, 79, 46499
What are the prime factors of 38769091?
3989, 9719
List the prime factors of 118452649.
7, 41, 8423
What are the prime factors of 257954731?
257954731
List the prime factors of 3110362301.
19, 43, 3807053
List the prime factors of 89746076.
2, 7, 3205217
List the prime factors of 1204557069.
3, 401519023
What are the prime factors of 690999376?
